is divided by 1254.
33
Calculate the remainder when 82138 is divided by 40452.
1234
What is the remainder when 6310738 is divided by 170?
168
Calculate the remainder when 15884 is divided by 325.
284
What is the remainder when 989202 is divided by 494461?
280
Calculate the remainder when 44134976 is divided by 919.
1
What is the remainder when 748506 is divided by 164?
10
What is the remainder when 159066 is divided by 11350?
166
What is the remainder when 13020 is divided by 6450?
120
Calculate the remainder when 1722021 is divided by 179.
41
Calculate the remainder when 1713402 is divided by 434.
404
What is the remainder when 114947 is divided by 12765?
62
Calculate the remainder when 56248162 is divided by 173.
153
What is the remainder when 9434882 is divided by 761?
4
What is the remainder when 567808 is divided by 26?
20
Calculate the remainder when 82165887 is divided by 3085.
3082
Calculate the remainder when 1576195 is divided by 36.
7
Calculate the remainder when 120640311 is divided by 17234327.
22
Calculate the remainder when 39013988 is divided by 9006.
9002
What is the remainder when 123737 is divided by 1407?
1328
Calculate the remainder when 2646501 is divided by 627.
561
What is the remainder when 67254948 is divided by 734?
730
Calculate the remainder when 432284 is divided by 17.
8
What is the remainder when 1096596 is divided by 4493?
304
What is the remainder when 64677624 is divided by 31?
30
What is the remainder when 7981593 is divided by 3638?
3459
What is the remainder when 7908 is divided by 91?
82
Calculate the remainder when 112799 is divided by 1066.
869
What is the remainder when 74449 is divided by 26?
11
What is the remainder when 46167598 is divided by 120?
118
Calculate the remainder when 81986 is divided by 4314.
20
What is the remainder when 59242 is divided by 366?
316
What is the remainder when 1872257 is divided by 26?
23
What is the remainder when 48943685 is divided by 36041?
7
What is the remainder when 2231935 is divided by 89?
82
What is the remainder when 3593503 is divided by 28748?
3
Calculate the remainder when 734363 is divided by 222.
209
Calculate the remainder when 5025149 is divided by 5024989.
160
Calculate the remainder when 1099555 is divided by 2795.
1120
Calculate the remainder when 111648168 is divided by 2735.
2733
Calculate the remainder when 29537150 is divided by 408.
398
What is the remainder when 42192 is divided by 21052?
88
Calculate the remainder when 208861766 is divided by 195.
191
Calculate the remainder when 670092 is divided by 1052.
1020
Calculate the remainder when 2384617434 is divided by 1766.
1762
What is the remainder when 42338 is divided by 41500?
838
What is the remainder when 1184 is divided by 1118?
66
What is the remainder when 80523 is divided by 79779?
744
Calculate the remainder when 51891800 is divided by 145.
70
What is the remainder when 2832907 is divided by 150?
7
Calculate the remainder when 42735887 is divided by 647513.
29
Calculate the remainder when 59778 is divided by 14679.
1062
Calculate the remainder when 189200805 is divided by 133240.
5
Calculate the remainder when 845481 is divided by 31314.
3
Calculate the remainder when 14700699 is divided by 1334.
19
Calculate the remainder when 291247 is divided by 6312.
895
Calculate the remainder when 126379056 is divided by 377.
362
Calculate the remainder when 6771259 is divided by 869.
11
Calculate the remainder when 29374303 is divided by 36.
31
Calculate the remainder when 27294469 is divided by 314.
19
Calculate the remainder when 109597 is divided by 18265.
7
Calculate the remainder when 12024 is divided by 1217.
1071
Calculate the remainder when 23250234 is divided by 546.
462
Calculate the remainder when 1222950 is divided by 68.
38
What is the remainder when 100547600 is divided by 341?
340
What is the remainder when 5007989 is divided by 834547?
707
Calculate the remainder when 30725739 is divided by 3608.
11
Calculate the remainder when 188948 is divided by 1487.
99
Calculate the remainder when 6011299 is divided by 1502809.
63
Calculate the remainder when 76575782 is divided by 102.
98
Calculate the remainder when 116998 is divided by 562.
102
Calculate the remainder when 202767 is divided by 376.
103
What is the remainder when 4008063 is divided by 8264?
23
What is the remainder when 1165813 is divided by 2711?
83
What is the remainder when 124609578 is divided by 5670?
5658
What is the remainder when 443046 is divided by 110561?
802
What is the remainder when 978035 is divided by 46573?
2
Calculate the remainder when 293908 is divided by 58765.
83
What is the remainder when 379331153 is divided by 3?
2
Calculate the remainder when 908895 is divided by 10542.
2283
What is the remainder when 806347 is divided by 12?
7
What is the remainder when 662311 is divided by 529?
3
What is the remainder when 15310468 is divided by 14?
12
What is the remainder when 25554 is divided by 2537?
184
Calculate the remainder when 9693449 is divided by 141.
122
Calculate the remainder when 87542 is divided by 5830.
92
What is the remainder when 133670 is divided by 66120?
1430
What is the remainder when 75064 is divided by 3538?
766
What is the remainder when 32874 is divided by 4320?
2634
Calculate the remainder when 1583118 is divided by 791535.
48
What is the remainder when 252191 is divided by 1417?
1382
What is the remainder when 64498880 is divided by 1612472?
0
What is the remainder when 4821743 is divided by 68?
67
What is the remainder when 545632 is divided by 1106?
374
What is the remainder when 2707 is divided by 2043?
664
What is the remainder when 354492 is divided by 17724?
12
Calculate the remainder when 89258652 is divided by 11.
10
What is the remainder when 3264600 is divided by 1374?
1350
Calculate the remainder when 2163263 is divided by 45.
23
What is the remainder when 1122284 is divided by 112228?
4
Calculate the remainder when 28588350 is divided by 14294153.
44
Calculate the remainder when 7194541 is divided by 513895.
11
Calculate the remainder when 7465098 is divided by 2125.
2098
Calculate the remainder when 565456 is divided by 1693.
1687
What is the remainder when 9940270 is divided by 509?
9
Calculate the remainder when 354952 is divided by 435.
427
Calculate the remainder when 1226905 is divided by 43818.
1
What is the remainder when 2348451 is divided by 411?
408
Calculate the remainder when 45145 is divided by 44981.
164
What is the remainder when 3822136 is divided by 644?
640
What is the remainder when 13687248 is divided by 191?
188
Calculate the remainder when 480258 is divided by 120019.
182
What is the remainder when 184076 is divided by 3474?
3428
What is the remainder when 56279558 is divided by 1655281?
4
What is the remainder when 1005962 is divided by 77?
34
Calculate the remainder when 7032300 is divided by 601.
600
Calculate the remainder when 10276616 is divided by 18.
2
What is the remainder when 978627688 is divided by 1593?
1591
What is the remainder when 2651715 is divided by 121?
0
What is the remainder when 59571 is divided by 886?
209
What is the remainder when 2571938 is divided by 51?
8
Calculate the remainder when 4352909 is divided by 42673.
263
Calculate the remainder when 92453944 is divided by 46226971.
2
Calculate the remainder when 402015 is divided by 36362.
2033
Calculate the remainder when 76720 is divided by 5170.
4340
Calculate the remainder when 604697 is divided by 604306.
391
Calculate the remainder when 1741854 is divided by 47077.
5
Calculate the remainder when 346214 is divided by 173051.
112
Calculate the remainder when 28663970 is divided by 2047426.
6
Calculate the remainder when 846125 is divided by 1444.
1385
Calculate the remainder when 42358 is divided by 10283.
1226
Calculate the remainder when 1907971 is divided by 778.
315
What is the remainder when 3004741 is divided by 49?
12
Calculate the remainder when 1678287 is divided by 29.
28
Calculate the remainder when 14296869 is divided by 840.
69
What is the remainder when 720717 is divided by 396?
393
What is the remainder when 19598 is divided by 1083?
104
What is the remainder when 592607 is divided by 118511?
52
What is the remainder when 13253343 is divided by 2?
